of b?
2
Let q = -2133 + 2290. What is the units digit of q?
7
Suppose -13*i + 14*i = -5*n + 86042, 0 = 4*n + 3*i - 68838. What is the ten thousands digit of n?
1
Let l = -1145 + 1429. What is the tens digit of l?
8
Let x be 3 - (-4 - (-6)/3). Let r be 1/(1/47)*x. Let f = 329 - r. What is the tens digit of f?
9
What is the hundreds digit of 0/((-221)/(-17)) - (-1422)/2?
7
Let w = -9310 + 18012. What is the thousands digit of w?
8
Let q(f) = f**3 - 49*f**2 + 25*f - 89. Let w be q(49). Suppose 2*m = -2*k + 1397 + 891, -5*m + w = k. What is the tens digit of k?
4
Let g(x) = x**2 - 47*x + 108. Let z be g(43). What is the hundreds digit of 8/(z/(-3192)) + 1*-3?
3
Let j(d) = d**2 - 21*d + 26. Let n be j(24). Suppose 0 = 95*q - n*q + 5007. What is the tens digit of q?
6
Let w = 371 - 359. What is the tens digit of (-3434)/(-6) - w/36?
7
Let z be (-99)/66*2/(-1). Suppose z*i - 965 = -3*d - 218, d - 5*i - 255 = 0. What is the hundreds digit of d?
2
Suppose 5*z - 2*v + 11839 - 122976 = 0, -2*v = 2. What is the units digit of z?
7
Suppose -4*n + 16081 = 3*n + 2431. What is the thousands digit of n?
1
Suppose 2*k - 5424 = -5*r, -5*r + 78*k - 73*k + 5445 = 0. Let t = r + -436. What is the hundreds digit of t?
6
What is the tens digit of ((-52)/8 + 2)/((-87)/278516)?
0
Let l(v) = v**3 + 11*v**2 + 22*v - 11. Let x be l(-5). Suppose 14353 + 8209 = x*n. What is the units digit of n?
8
Let u be -479 + 4 - (5 - 7). Let k = -130 - u. What is the tens digit of k?
4
Suppose -2*u + 5*d = -u + 65, 205 = -5*u - 5*d. Let v = 60 - 23. Let a = v - u. What is the units digit of a?
2
Let n be 696/10 + (-48)/(-120). What is the units digit of (5049/68)/(n/32 - 2)?
6
Suppose 5*u - 5 = 0, 2*u + 5023 = -2*y + 26395. What is the thousands digit of y?
0
Suppose 3*b - 13240 = 4*p, -13285 = 214*b - 217*b - 5*p. What is the thousands digit of b?
4
Suppose 164*t + 135720 = 203*t. What is the hundreds digit of t?
4
Let c(z) = 2*z + 12. Let l be (4 - -1)/(-5)*-5. Let g be c(l). Let h = 91 - g. What is the tens digit of h?
6
Let g(c) = -22 - 6*c - 7 + 46. Let d be g(2). Suppose 735 = 4*k + d*s - 0*s, -4*k = -3*s - 743. What is the tens digit of k?
8
Let d(q) be the first derivative of -q**3/3 + 5*q**2 - 2*q + 98. What is the units digit of d(4)?
2
Suppose y - 2*y = 0. Let h(q) = -4*q + 114 - 8*q**2 + 4*q - 12*q**2 - 3*q + 21*q**2. What is the units digit of h(y)?
4
Let y(l) = 8*l**2 - 72*l + 3. Let i be y(9). Suppose 27*m = 29*m + 2, -i*m = -b + 656. What is the units digit of b?
3
Let h(x) = 32*x - 91. Let d be h(3). Let u = 67 - 60. Suppose -u*q + 222 = -4*q + d*v, v = -3*q + 210. What is the tens digit of q?
6
Suppose 0*j + 5*j = -2*v + 330, j - 69 = -v. Let o = -3 + 3. Suppose o = 3*g - j - 161. What is the tens digit of g?
7
Let d be (-1012)/(-55) - 6/(-10). Let r = -16 + d. What is the units digit of r - 3/2*-58?
0
What is the units digit of (-636)/(-2) + 14 + -12 + 3/(-1)?
7
Let k = -95 + 97. Suppose 4*d - w - 244 = 335, 5*w = -k*d + 317. What is the hundreds digit of d?
1
Let n(h) = 20*h - 17*h**2 - 21 + 64*h**2 - 27*h**2 - 18*h**2. What is the tens digit of n(-21)?
4
Suppose 14*r + 81 = 13*r. Suppose 512 = b + 3*b. Let x = b + r. What is the tens digit of x?
4
Suppose 5*x - 12 = 3. Suppose -5*m - 163 = -3*l - 160, 3*m - 3*l = 3. What is the units digit of 2688/15 - m - x/15?
2
Let q(k) = 10260*k - 1139. What is the thousands digit of q(3)?
9
Suppose -2*y - 4*h = 3*y - 160, -h + 96 = 3*y. Suppose -y*b = -17*b - 33450. What is the hundreds digit of (-1)/((-5)/b*2)?
2
What is the hundreds digit of (-1262*(-3)/(-12))/(7*12/(-13104))?
2
Let i be (-10)/(-55) + (-18)/(-22) + 1. Suppose -5*k = 4*u - 1256, -2*u + u = -i*k + 505. What is the tens digit of k?
5
Suppose 0 = -4*m + 4*l + 311228, -2*l - 108012 - 125417 = -3*m. What is the ten thousands digit of m?
7
Suppose n = 1, n = x + 4*x + 496. Let s = 148 - x. What is the units digit of s?
7
Let a = 55 + -274. Let x be ((-4)/18*a)/((-1)/(-9)). Suppose 2*v - x = -v. What is the units digit of v?
6
What is the thousands digit of (-6 + (-143)/(-22))*1/(2/148852)?
7
Let n(r) = -810 - 3*r + 2*r**3 + 3*r**2 + 810. Let p be n(-2). Let c(z) = 100*z - 12. What is the units digit of c(p)?
8
Suppose -4*k = 2*o + 4, k - o = 5*k. Let n(g) = -567*g**3 + g**2 - g. Let l be n(k). What is the units digit of l/(-12) - (-2)/(-8)?
7
Suppose 36 = 7*w - 4*w. Suppose 4032 + 384 = w*v. What is the units digit of v?
8
Let v(m) = -804*m + 8519. What is the hundreds digit of v(-50)?
7
Let o = -74014 - -138443. What is the thousands digit of o?
4
Suppose 0 = 5*m - 5, p + 5*m = 389. What is the units digit of p?
4
Suppose -80 = 80*s - 90*s. Suppose -15*m + 2009 = -s*m. What is the hundreds digit of m?
2
Let z(k) = k**3 + 13*k**2 + 23*k + 9. Let b = 15 - 47. Let a = b - -22. What is the tens digit of z(a)?
7
Let l = -33863 + 54466. What is the hundreds digit of l?
6
Let q be (-672)/(-360) + (-4)/(-30) - 14. What is the tens digit of (q/5)/((-30)/5025)?
0
Suppose 15*o + 7*o = 15*o + 25389. What is the tens digit of o?
2
Let r = -10021 + 15936. What is the units digit of r?
5
Suppose -4*d = -3*r - 34028, -3*r - 5907 + 22939 = 2*d. Suppose 1694 = y - n, 0 = -7*y + 2*y - 5*n + d. What is the tens digit of y?
9
Let g(q) = -3*q - 1. Let i be g(-2). Let s(t) = i - 8 - 17*t - 14 + 0*t. What is the units digit of s(-10)?
3
Let l(h) = 17*h**2 + 14*h + 102. Let t be l(-16). Suppose 3*d + 2*v = 2536, 2*d + 4*v - t = -3*d. What is the tens digit of d?
4
Let d = -518 - -357. Let w = 386 - d. What is the units digit of w?
7
What is the thousands digit of (1 + 2/(-3))*4*(-432 + 4482)?
5
Let i(a) = 61471*a + 43. What is the hundreds digit of i(1)?
5
Let s(q) = -15*q + 115. Let m be s(7). Suppose -m*n = 730 - 6350. What is the tens digit of n?
6
Let k(q) = -34*q + 8. Let x be k(-5). Suppose -107 = 3*g + x. Let b = g + 149. What is the units digit of b?
4
Let j = 17794 - -2421. What is the ten thousands digit of j?
2
Let h = 157 - 379. Let m = 108 + h. What is the tens digit of ((72/5)/(-3))/(m/380)?
1
Let q be 7/(28/400) + 0. Let b = q + -32. Let u = b + 4. What is the units digit of u?
2
Suppose s + 17780 = c, 4*c - 2023*s - 71092 = -2026*s. What is the thousands digit of c?
7
Suppose -2*n - 4*m - 2 + 18 = 0, 5*m = 5*n + 5. Suppose 5*i = -4*k - 79, -2*k - 30 = n*i - 0*i. What is the tens digit of (-5*2/4)/(i/494)?
6
Let z = -5357 + 11040. Suppose -7*y + 6*y = 2, 3*r - z = 2*y. What is the units digit of r?
3
Let l = 10 + -7. Suppose 0 = 3*p + 5*b + 49, -l*b + 0*b = 15. What is the hundreds digit of 4840/32 - 6/p?
1
Let o = -24694 - -49874. What is the ten thousands digit of o?
2
Let y = -13 + 22. Let x(q) = -q**2 + 11*q - 12. Let j be x(y). What is the tens digit of ((-3)/j)/((-2)/296)?
7
Let w = -28 - -23. Let s(r) = -7*r**2 + 2*r - 8. Let n(j) = 15*j**2 - 5*j + 16. Let d(k) = -3*n(k) - 7*s(k). What is the tens digit of d(w)?
0
Suppose -2*t + 2*a - 55 = -3*a, 0 = -5*t + 2*a - 106. Let m be (32/t)/((-2)/(-165)). Let x = m + 352. What is the tens digit of x?
2
Let b = 1922 - -652. What is the units digit of b?
4
Let l be (-308)/6*(-90)/(-20). Let p = 345 + l. Suppose 0 = 5*n - 419 + p. What is the tens digit of n?
6
Let t(l) = 11*l**2 + 17*l - 102. What is the hundreds digit of t(21)?
1
Suppose 8736 = 488*i - 472*i. What is the hundreds digit of i?
5
Let r be -6*3/(-9) + 1924. Let c be (-24)/14 - -2 - r/(-21). Suppose c = 5*j - q, -2*q = 2*j - 17 - 15. What is the tens digit of j?
1
Let u = 45 - 38. Suppose -u*v + 177 = 4*j - 8*v, 0 = -5*j + v + 220. What is the units digit of j?
3
What is the thousands digit of (-27)/(81/(-6))*(-13126)/(-4)?
6
Suppose 2*k - 4*r - 5612 = -692, 3*r = -2*k + 4920. What is the units digit of (-7*8/(-112))/(2/k)?
5
Let d(l) = l**3 + 7*l**2 + 8*l + 5. Let r be d(-6). Let f(t) = -47*t + 23. What is the hundreds digit of f(r)?
3
Let s be 8008/33 - 8/(-6). Let f = 385 - s. What is the tens digit of f?
4
Suppose 5*x - 24730 = -5*w, 1550*w - 1551*w + 4962 = -3*x. What is the tens digit of w?
5
What is the thousands digit of ((-10)/15)/(-4 - 607060/(-151770))?
5
Let g = 66265 + -42514. What is the hundreds digit of g?
7
Let c(w) = 2*w - 1. Let t = -28 - -29. Let m be c(t). What is the units digit of 2*m*(-122)/(-4)?
1
Let q(d) = -321*d**3 + d + 285*d**3 +